 3975442854.
2, 3, 223, 2971183
What are the prime factors of 231062457?
3, 53, 1453223
List the prime factors of 267386814.
2, 3, 43, 345461
List the prime factors of 134964597.
3, 44988199
List the prime factors of 3848996848.
2, 83, 1447, 2003
List the prime factors of 2203173561.
3, 22259, 32993
What are the prime factors of 3626689908?
2, 3, 7723, 39133
List the prime factors of 63687637.
13, 41, 119489
List the prime factors of 187554744.
2, 3, 13, 17, 3929
List the prime factors of 7916388489.
3, 2273, 386977
What are the prime factors of 23944677?
3, 643, 12413
List the prime factors of 147372261.
3, 293, 389, 431
List the prime factors of 3907444222.
2, 11, 177611101
List the prime factors of 27324821.
241, 113381
List the prime factors of 1669812974.
2, 834906487
What are the prime factors of 73392739?
7, 213973
List the prime factors of 1108278.
2, 3, 23, 2677
List the prime factors of 2183480910.
2, 3, 5, 13, 1866223
What are the prime factors of 2798004639?
3, 37, 113, 6029
List the prime factors of 154592072.
2, 19324009
List the prime factors of 2943787309.
101, 191, 152599
List the prime factors of 91905415.
5, 7, 2625869
What are the prime factors of 299575321?
47, 6373943
List the prime factors of 13040166.
2, 3, 2173361
What are the prime factors of 1211521889?
1211521889
What are the prime factors of 5113905868?
2, 797, 1604111
List the prime factors of 23362667.
23362667
List the prime factors of 22488359.
22488359
List the prime factors of 681971240.
2, 5, 103, 165527
List the prime factors of 40789042.
2, 7, 73, 107, 373
List the prime factors of 4030514765.
5, 20233, 39841
What are the prime factors of 814345377?
3, 19, 14286761
What are the prime factors of 199055418?
2, 3, 33175903
What are the prime factors of 121185206?
2, 23, 2634461
List the prime factors of 36232302.
2, 3, 6038717
What are the prime factors of 320235982?
2, 11, 1187, 12263
List the prime factors of 170803353.
3, 7, 43, 189151
What are the prime factors of 6198991731?
3, 383, 409, 4397
List the prime factors of 541348554.
2, 3, 37, 2438507
List the prime factors of 109190626.
2, 17, 29, 37, 41, 73
What are the prime factors of 133713924?
2, 3, 11142827
List the prime factors of 4652389558.
2, 17, 43, 199, 15991
What are the prime factors of 27581895?
3, 5, 11, 55721
List the prime factors of 348271722.
2, 3, 2447, 7907
List the prime factors of 37525313.
7, 5360759
List the prime factors of 260704628.
2, 65176157
List the prime factors of 3134343121.
7, 13, 2649487
What are the prime factors of 1915284693?
3, 7, 4153, 21961
What are the prime factors of 13308792?
2, 3, 7, 11317
What are the prime factors of 103477014?
2, 3, 271, 2357
List the prime factors of 44286590.
2, 5, 1801, 2459
What are the prime factors of 1381549419?
3, 51168497
List the prime factors of 3932991859.
3932991859
What are the prime factors of 7601386?
2, 13, 31, 9431
List the prime factors of 2355551119.
2355551119
What are the prime factors of 2914422138?
2, 3, 23, 7039667
List the prime factors of 2254670260.
2, 5, 112733513
What are the prime factors of 580804624?
2, 167, 217367
List the prime factors of 2975547863.
47, 63309529
What are the prime factors of 55260547?
43, 1285129
List the prime factors of 522961633.
17, 1511, 20359
What are the prime factors of 81698586?
2, 3, 13616431
List the prime factors of 138026563.
239, 577517
What are the prime factors of 367023678?
2, 3, 7, 8738659
List the prime factors of 7256489148.
2, 3, 201569143
List the prime factors of 219828995.
5, 709, 62011
What are the prime factors of 924728490?
2, 3, 5, 7, 277, 757
What are the prime factors of 1532304526?
2, 2377, 322319
What are the prime factors of 545072456?
2, 19, 37, 5101
What are the prime factors of 20084212?
2, 1511, 3323
List the prime factors of 959746811.
37, 701, 37003
What are the prime factors of 2710894212?
2, 3, 13, 193, 30013
List the prime factors of 245549014.
2, 122774507
List the prime factors of 51981968.
2, 1759, 1847
What are the prime factors of 157048974?
2, 3, 8724943
What are the prime factors of 93904370?
2, 5, 7, 1341491
List the prime factors of 11105829.
3, 7, 6529
List the prime factors of 9505735.
5, 1901147
What are the prime factors of 3881868528?
2, 3, 80872261
List the prime factors of 23651888.
2, 13, 8747
What are the prime factors of 3147020371?
11, 4243, 67427
List the prime factors of 2134694724.
2, 3, 37, 139, 34589
What are the prime factors of 153232138?
2, 241, 257, 1237
List the prime factors of 3741323964.
2, 3, 7, 41, 1086331
What are the prime factors of 864862355?
5, 7, 353, 70001
List the prime factors of 210065108.
2, 11, 79, 223, 271
List the prime factors of 418819798.
2, 29, 37, 195163
List the prime factors of 334946631.
3, 17, 23, 283, 1009
What are the prime factors of 262131382?
2, 107, 1224913
What are the prime factors of 112727?
17, 19, 349
List the prime factors of 53307406.
2, 599, 44497
List the prime factors of 223514321.
443, 504547
List the prime factors of 870620383.
269, 3236507
What are the prime factors of 101232081?
3, 31, 127, 2857
What are the prime factors of 513259658?
2, 256629829
List the prime factors of 160951775.
5, 1777, 3623
What are the prime factors of 203874767?
47, 233, 18617
List the prime factors of 88993870.
2, 5, 7, 31, 41011
List the prime factors of 3660300815.
5, 223, 461, 7121
What are the prime factors of 942428986?
2, 919, 512747
What are the prime factors of 6905471316?
2, 3, 575455943
What are the prime factors of 238974871?
797, 299843
What are the prime factors of 1720656041?
13, 47, 2816131
List the prime factors of 1304173108.
2, 7, 47, 151, 6563
What are the prime factors of 3283876664?
2, 71, 1151, 5023
List the prime factors of 52714792.
2, 13, 506873
List the prime factors of 347784469.
347784469
What are the prime factors of 2325039134?
2, 11, 23, 4594939
What are the prime factors of 354010848?
2, 3, 23, 67, 2393
What are the prime factors of 681943787?
7, 29, 157, 21397
List the prime factors of 299227771.
29, 53, 194683
List the prime factors of 533402501.
347, 1537183
List the prime factors of 485952227.
19, 25576433
What are the prime factors of 17220801?
3, 13, 109, 4051
List the prime factors of 1542112022.
2, 11, 70096001
List the prime factors of 30301316.
2, 7575329
List the prime factors of 206281758.
2, 3, 4111, 8363
List the prime factors of 459754700.
2, 5, 809, 5683
List the prime factors of 24409962.
2, 3, 1356109
List the prime factors of 527741092.
2, 4231, 31183
List the prime factors of 293554369.
293554369
What are the prime factors of 32469617?
31, 103, 10169
What are the prime factors of 17859179?
13, 269, 5107
List the prime factors of 4997785794.
2, 3, 271, 3073669
List the prime factors of 1095428321.
13, 84263717
List the prime factors of 409720970.
2, 5, 1319, 31063
What are the prime factors of 1685650473?
3, 13, 23, 59, 3539
What are the prime factors of 8244055?
5, 1648811
What are the prime factors of 73492965?
3, 5, 7, 13, 131, 137
List the prime factors of 845435210.
2, 5, 19, 4449659
List the prime factors of 1757247245.
5, 13, 17, 31, 43, 1193
What are the prime factors of 261688367?
261688367
List the prime factors of 13685941.
29, 471929
List the prime factors of 105135528.
2, 3, 4380647
What are the prime factors of 27153109?
19, 113, 12647
What are the prime factors of 6965097462?
2, 3, 73, 5300683
List the prime factors of 2920489796.
2, 7, 104303207
What are the prime factors of 81312542?
2, 40656271
What are the prime factors of 214270962?
2, 3, 773, 46199
What are the prime factors of 116153169?
3, 11, 3519793
What are the prime factors of 56361028?
2, 14090257
List the prime factors of 1978368988.
2, 494592247
What are the prime factors of 1470809685?
3, 5, 3907, 25097
List the prime factors of 4787519609.
4787519609
List the prime factors of 763954169.
11, 2039, 34061
What are the prime factors of 1732673340?
2, 3, 5, 9625963
List the prime factors of 167534544.
2, 3, 3490303
List the prime factors of 31013412.
2, 3, 29, 89119
What are the prime factors of 110961652?
2, 17, 853, 1913
List the prime factors of 71384947.
487, 146581
List the prime factors of 3841041.
3, 73, 17539
List the prime factors of 149856280.
2, 5, 7